6
Let x(r) = -13*r - 1. Let c be x(-1). Let d(t) = -t**3 + t**2 + t + 16. Let q(h) = -4*h**3 + 16*h**2 - 10*h + 51. Let p(z) = 3*d(z) - q(z). Give p(c).
9
Let x(d) = -31 + 0*d - 5*d - 21*d + 6*d - d. Calculate x(-2).
11
Suppose 44*p + 25 = p + 25. Let y(t) be the second derivative of 1/6*t**3 - 20*t + 0 + p*t**2. Determine y(2).
2
Let j be (-23184)/115 - (18/(-15))/(-3). Let l = j + 201. Let c(q) = 2*q**2 + 3*q + 2. Calculate c(l).
1
Let c = 479 + -482. Let n(i) = 26*i - 5. Let h(q) = -9*q + 2. Let f(o) = 17*h(o) + 6*n(o). Let z be f(c). Let u(d) = d**3 + 4*d**2 - 5*d - 3. Calculate u(z).
-3
Let k be (-56)/(-21)*9/(-4). Let g be 1 - (-2)/k*-3. Suppose 2*z - 6*z + 4*f = 0, -f = -g*z. Let y(o) = -o. Determine y(z).
0
Let c(i) = -i**3 - 30*i**2 - 42*i + 96. Let k(t) = 2*t**3 + 59*t**2 + 85*t - 178. Let g(w) = -7*c(w) - 4*k(w). Determine g(-24).
-8
Let i(b) = 10*b + 8*b - 20*b - 38 + 7*b + 33. Suppose 4*n = -4, n + 3 = -5*f + 12. Give i(f).
5
Let q(o) = 2*o**2 - 9*o - 9. Let d be 16/10 - (-640)/(-2400)*(-33)/2. Determine q(d).
9
Let h be 60/(-42)*(3 - 10). Let y be (-36)/h - 252/180. Let f(o) = -2*o**2 - 2*o + o**2 - 3*o - 6. Calculate f(y).
-6
Let w be 5 - (6/(-2) + -3). Suppose -w*f - 58 = 30. Let z(m) be the third derivative of -m**4/24 + m**3/6 + m**2. What is z(f)?
9
Let w(k) = 1417148 + k**3 - 2*k**3 - 1417125 + 2*k**2 - 16*k. Give w(2).
-9
Let f(h) = -h**2 + 8*h + 19. Suppose 14*r = 16*r + 5*i - 35, 19 = r + 3*i. What is f(r)?
-1
Let k(a) = 29*a**2 + 158*a + 15. Let m be k(-6). Let t = m + -111. Let b(i) = -i**2 - 3. Calculate b(t).
-3
Let z(j) = 18604*j - 1. Let v(i) = 3721*i - 1. Let r(y) = -5*v(y) + z(y). Suppose 3*s = -d - 5 - 13, -3*s + 3*d = 6. Calculate r(s).
9
Let u = 14 + -18. Let k be (u/(-6))/((-114)/(-27) - 4). Let t(s) = 2 + 2*s**2 - k*s**2 - 8*s - 3 - 8. Calculate t(-6).
3
Let b(p) = -p**3 + 9*p**2 - 16*p + 12. Suppose d = -4*m + 29, -5*m = -155*d + 157*d - 40. Calculate b(m).
24
Suppose -593 = 683*q + 1209 + 930. Let n(v) = -v**3 + 3*v**2 - v - 6. Let a(g) = 2*g**3 - 7*g**2 + 3*g + 13. Let h(x) = -6*a(x) - 13*n(x). Give h(q).
4
Let a(x) = x**2 - 8*x + 4. Let d = -7 - -12. Suppose d*h = 2*p - 4, 2*h - 2*p = 1 - 5. Suppose -2*j + 5*f + 37 = h, 3*j - 4*j + f = -11. Determine a(j).
-8
Let m(n) = -n**3 + n**2 + 43*n - 2. Suppose b - 3*s = -5, -2*b = 2*s - 46 + 24. Calculate m(b).
5
Let o(r) = 410 - 57*r + 19 + 7 - 147. Determine o(5).
4
Let q(i) = 2*i - 15. Let m(h) = 10*h**3 + 2*h**2 - 3*h + 2. Let o be m(1). Calculate q(o).
7
Let p(y) = y**2 + 11*y + 4. Let o = 132 - 122. Suppose 2*k = -0*k - 4*v - o, -5*k - 37 = -2*v. Give p(k).
-24
Let m(b) = 3*b + 11. Let h be m(-3). Let p(s) = 0*s**2 - 1 - s**2 - s**2 + 3*s**h + 3*s. Let x(l) = -l**2 + 21*l + 19. Let n be x(22). What is p(n)?
-1
Let x(o) = -o**2 - 42*o + 83. Let u(v) = 128*v - 382. Let f be u(3). Calculate x(f).
-5
Suppose -4*t + 7*t + 2*c + 10 = 0, -3*t = -4*c - 2. Let q(i) = -2*i**3 - i**2 + 4*i. Let l be q(t). Let z(o) = -2*o - 1. Calculate z(l).
-9
Let u(c) be the first derivative of -c**2/2 + 18*c + 481. Let h = 45 + -27. Let k be u(h). Let v(g) = g**2 - g + 6. What is v(k)?
6
Let j(z) = z + 3*z**2 + 0*z - 4*z**2 + 6*z. Let c(n) = -17*n + 135. Let b be c(7). Suppose -12*o - 10 = -16*o - q, 2*o - 5*q - b = 0. Calculate j(o).
12
Let u(k) = k**3 + 11*k**2 + 2*k. Suppose 624 + 80 = -64*n. Calculate u(n).
-22
Let b(r) be the third derivative of -r**4/24 + r**3/2 + 11*r**2 + 40. Calculate b(-4).
7
Let w(k) = -k**2 - 16*k - 36. Let l(h) = h**3 - 22*h**2 + 73*h - 28. Let z be l(18). Determine w(z).
24
Let u(r) = 3*r**2 - 14*r - 14. Suppose -2*j - 29*j = -25 - 161. What is u(j)?
10
Suppose 47*n = 39*n + 16. Let g(r) = -661*r**2 - 5*r + r**3 + 3 - 667*r**2 - 2*r - n*r + 1335*r**2. Determine g(-8).
11
Let p(z) = -z**3 - 19*z**2 - 31*z + 2. Let j(d) = 2*d**2 + 8*d - 1. Let u(h) = -4*j(h) - p(h). Give u(-11).
13
Suppose -3*n - 5*r + 154 = 0, -r - 46 = -n - 0*n. Let l = n + -45. Let x(z) = 3 + 107*z - z**l - 4*z**2 - 104*z + 1. Give x(-4).
-8
Let o = 141 + -138. Suppose -5*z = -8*z - 2*t + 23, -24 = -3*z - o*t. Let n(r) = -r**3 + 7*r**2 - r - 3. What is n(z)?
-10
Let a(u) be the second derivative of -20*u + 7/6*u**3 - 7/2*u**2 + 0 - 1/12*u**4. What is a(6)?
-1
Let g be 117/36 - 2/8. Let o(s) = -2 + 24*s**g + 19*s**3 - 7*s**2 - 42*s**3 + 9*s. What is o(6)?
16
Let m be 3 - (-3)/(9/(-3)). Let s(x) = 2 - x**3 + 5*x - 3*x**2 + m*x + 8*x**2. Calculate s(6).
8
Let k(f) be the second derivative of 21*f**3 - 121*f**2/2 - 1794*f + 2. Determine k(1).
5
Let c(b) = -9*b - 59. Let o be c(-8). Suppose -4*y + 1 - o = 0. Let s(f) = -f + 0 - 1 + 2*f. What is s(y)?
-4
Let x(i) = 8*i - 24. Let v(n) = -1. Let q(r) = -2*v(r) - x(r). What is q(3)?
2
Let n(x) be the third derivative of -x**2 + 0*x + 1/60*x**5 - 5/6*x**3 + 7 + 1/4*x**4. Calculate n(-7).
2
Let t(a) be the first derivative of a**3/3 - 9*a**2/2 - 122*a - 2661. Determine t(17).
14
Let g(d) = -d**3 - 6*d**2 + 4*d - 3. Let p(a) = a - 4. Let x be p(6). Let m(j) = 2*j**3 + 13*j**2 - 7*j + 5. Let z(k) = x*m(k) + 5*g(k). Give z(-5).
-10
Let v be 0/(1/(3 - 2)). Let b(d) = d + 147 + 138 + 0*d + 150 - 451. Calculate b(v).
-16
Let q(r) = -28 - 6*r + 64 - 32. Determine q(7).
-38
Let x be (7/(-14))/((-15)/240). Let k(y) = y**3 - 7*y**2 - 10*y + 16. Give k(x).
0
Let j = 794 - 794. Let u(a) = -a**3 - a**2 + a + 6. Determine u(j).
6
Suppose 0 = 411*b + 2118 + 348. Let m(s) = 18*s + 102. What is m(b)?
-6
Let p(s) = 11*s - 1253. Let z(x) = x - 104. Let a(b) = 2*p(b) - 25*z(b). Calculate a(31).
1
Let y be -3 - 42/(-17 - -11). Let l(r) = 2*r**2 - 1. Let x(o) = -8 + 3*o**2 + 8. Let i(g) = 4*l(g) - 3*x(g). What is i(y)?
-20
Let o = 341 + -316. Let w(h) = 22 - 17*h - 18*h - 23 + o*h. Calculate w(2).
-21
Suppose 0 = -2*w + 2*h - 8, 104*w - 102*w + 7 = 3*h. Let d(u) = u**3 + 3*u**2 - 2*u - 10. Calculate d(w).
-50
Let k(g) = -2601 + 7789 + g - 2589 - 2596. Let z be -3*(-2 - (-22)/6). Calculate k(z).
-2
Let d(t) = t**2 - 6*t + 45. Suppose -104*j + 903 - 14 = 23*j. Give d(j).
52
Let f(n) = -n**3 - 7*n**2 - 7*n - 8. Suppose m + 10 = -z, 3*m - z - 2 = 4*z. Determine f(m).
-2
Suppose -5*n + 3*o - 31 = 0, -2212*o - 3 = 5*n - 2211*o. Let z(w) = 53*w + 3. Determine z(n).
-103
Let l(z) = -z + 4. Suppose -102 + 12 = -6*u. Suppose -5*s + 8 = -4*b, 0*b + u = 3*s + b. Determine l(s).
0
Let z(x) = 75*x - 453. Let k(c) = 45*c - 226. Let t(l) = -11*k(l) + 6*z(l). Determine t(-5).
-7
Suppose t - 13 = 2*c, -t - 27*c + 31*c + 21 = 0. Let k(z) = -z**2 - 3*z + 8. Calculate k(t).
-32
Let v(m) be the second derivative of m**5/20 - 3*m**4/2 + 5*m**3/2 + 33*m**2/2 - 3397*m. Give v(17).
-1
Let x(n) be the second derivative of -48*n + 0 + 1/12*n**4 + 5/3*n**3 + 9/2*n**2. What is x(-7)?
-12
Let u(c) = -c**3 + 5*c**2 + 7*c. Suppose 4524 = -8*f - 796. Let n = f + 671. Calculate u(n).
6
Suppose -9 = -b + i, -2*b + 0*b = 4*i + 12. Suppose 77 = b*g - 3*p, 3*g - 7*g + 85 = 5*p. Suppose -h - 9*h - g = 0. Let s(n) = -3*n**2 - 4*n - 3. What is s(h)?
-7
Let n(j) = 4*j**2 - 22*j - 29. Let q(i) = 5*i**2 - 26*i - 31. Let s(d) = -6*n(d) + 5*q(d). Give s(0).
19
Let j(p) be the first derivative of 242*p**2 - 243*p**2 - 7*p - 4*p - 45. Determine j(-10).
9
Let m be ((-58)/(-6))/(20/60). Suppose -4 - 15 = -3*o + k, -o + 3*k + 9 = 0. Suppose -o = 5*f + m. Let g(h) = h**3 + 7*h**2 + h + 4. Give g(f).
-3
Let d(h) = 10*h - 8 + 15 + 3 - 22*h. Give d(6).
-62
Let p(o) = -11*o**3 - o**2 - 22*o - 21. Let t(z) = -7*z**3 - 2*z**2 - 13*z - 20. Let b(d) = -2*p(d) + 3*t(d). Determine b(4).
2
Let b(n) be the first derivative of 2*n**3/3 + 5*n**2/2 - 5*n + 17081. Suppose -3*s + 25 = -5*d - 8*s, 5*s + 15 = -3*d. Calculate b(d).
20
Let t(d) = -243*d**2 - 484*d + 14. Let u be t(-2). Let w(j) = -j**2 + j + 1. Let h(q) = -4*q**2 + 12*q + 3. Let n(g) = h(g) - 3*w(g). Give n(u).
-10
Let t(v) = -v**2 + 9*v + 19. Let i(p) = 2*p**3 - 33*p**2 + 14*p + 42. Let q be i(16). Let a be t(q). Let k(o) = o**3 - 8*o**2 - 8*o - 4. Determine k(a).
5
Let v = 8 + -12. Let g be -1*(1 + v*1). Let h(p) be the first derivative of -p**3/3 + p**2/2 + 952. Calculate h(g).
-6
Let y(j) = -11*j + 15. Let q(g) = 21*g - 46. Let r(l) = 5*q(l) + 9*y(l). Calculate r(20).
25
Let d be 5704/920 - 12/(-15). Let t(j) = -j**3 + 6*j**2 + 10*j - 9. Determine t(d).
12
Let d